d by 8?
2
Calculate the remainder when 908 is divided by 11.
6
What is the remainder when 513 is divided by 167?
12
What is the remainder when 1122 is divided by 293?
243
Calculate the remainder when 3324 is divided by 23.
12
Calculate the remainder when 142 is divided by 11.
10
What is the remainder when 1096 is divided by 45?
16
What is the remainder when 2153 is divided by 94?
85
Calculate the remainder when 373 is divided by 59.
19
What is the remainder when 11543 is divided by 12?
11
Calculate the remainder when 4532 is divided by 19.
10
What is the remainder when 18919 is divided by 159?
157
What is the remainder when 1138 is divided by 196?
158
What is the remainder when 1355 is divided by 113?
112
What is the remainder when 1510 is divided by 471?
97
Calculate the remainder when 238 is divided by 22.
18
What is the remainder when 95 is divided by 13?
4
Calculate the remainder when 1659 is divided by 16.
11
Calculate the remainder when 941 is divided by 59.
56
What is the remainder when 1097 is divided by 50?
47
What is the remainder when 278 is divided by 117?
44
Calculate the remainder when 432 is divided by 31.
29
What is the remainder when 11756 is divided by 60?
56
Calculate the remainder when 282 is divided by 71.
69
What is the remainder when 833 is divided by 60?
53
Calculate the remainder when 75 is divided by 40.
35
Calculate the remainder when 4130 is divided by 90.
80
What is the remainder when 158 is divided by 7?
4
What is the remainder when 150 is divided by 28?
10
Calculate the remainder when 113 is divided by 3.
2
Calculate the remainder when 1273 is divided by 15.
13
What is the remainder when 1004 is divided by 56?
52
Calculate the remainder when 162 is divided by 36.
18
Calculate the remainder when 240 is divided by 19.
12
Calculate the remainder when 340 is divided by 66.
10
What is the remainder when 103 is divided by 77?
26
What is the remainder when 779 is divided by 27?
23
Calculate the remainder when 422 is divided by 47.
46
What is the remainder when 484 is divided by 6?
4
Calculate the remainder when 3215 is divided by 16.
15
What is the remainder when 836 is divided by 42?
38
Calculate the remainder when 335 is divided by 17.
12
Calculate the remainder when 80 is divided by 13.
2
What is the remainder when 2977 is divided by 975?
52
What is the remainder when 1833 is divided by 29?
6
What is the remainder when 191 is divided by 64?
63
What is the remainder when 70 is divided by 31?
8
Calculate the remainder when 101 is divided by 35.
31
Calculate the remainder when 2316 is divided by 38.
36
What is the remainder when 488 is divided by 7?
5
What is the remainder when 460 is divided by 11?
9
What is the remainder when 666 is divided by 4?
2
Calculate the remainder when 721 is divided by 139.
26
Calculate the remainder when 55 is divided by 31.
24
What is the remainder when 27 is divided by 8?
3
Calculate the remainder when 128 is divided by 22.
18
Calculate the remainder when 59 is divided by 10.
9
Calculate the remainder when 502 is divided by 78.
34
Calculate the remainder when 176 is divided by 12.
8
Calculate the remainder when 14410 is divided by 155.
150
What is the remainder when 689 is divided by 48?
17
What is the remainder when 839 is divided by 817?
22
Calculate the remainder when 84 is divided by 34.
16
What is the remainder when 96 is divided by 17?
11
Calculate the remainder when 129 is divided by 46.
37
Calculate the remainder when 844 is divided by 77.
74
Calculate the remainder when 1090 is divided by 539.
12
Calculate the remainder when 274 is divided by 150.
124
What is the remainder when 58 is divided by 8?
2
Calculate the remainder when 370 is divided by 6.
4
What is the remainder when 190 is divided by 63?
1
Calculate the remainder when 778 is divided by 52.
50
Calculate the remainder when 23 is divided by 14.
9
What is the remainder when 1975 is divided by 1949?
26
What is the remainder when 321 is divided by 13?
9
What is the remainder when 1786 is divided by 228?
190
What is the remainder when 503 is divided by 67?
34
What is the remainder when 288 is divided by 14?
8
What is the remainder when 2365 is divided by 9?
7
What is the remainder when 8818 is divided by 9?
7
What is the remainder when 1147 is divided by 129?
115
What is the remainder when 699 is divided by 140?
139
Calculate the remainder when 252 is divided by 206.
46
What is the remainder when 405 is divided by 120?
45
Calculate the remainder when 23135 is divided by 46.
43
What is the remainder when 96 is divided by 6?
0
Calculate the remainder when 2697 is divided by 20.
17
What is the remainder when 7520 is divided by 69?
68
What is the remainder when 113 is divided by 72?
41
What is the remainder when 47 is divided by 8?
7
What is the remainder when 355 is divided by 295?
60
Calculate the remainder when 1352 is divided by 21.
8
Calculate the remainder when 2059 is divided by 3.
1
What is the remainder when 997 is divided by 40?
37
Calculate the remainder when 866 is divided by 11.
8
Calculate the remainder when 2638 is divided by 11.
9
Calculate the remainder when 160 is divided by 61.
38
Calculate the remainder when 1013 is divided by 29.
27
Calculate the remainder when 955 is divided by 120.
115
Calculate the remainder when 1979 is divided by 58.
7
What is the remainder when 567 is divided by 549?
18
Calculate the remainder when 3039 is divided by 27.
15
Calculate the remainder when 1464 is divided by 202.
50
What is the remainder when 58 is divided by 39?
19
Calculate the remainder when 612 is divided by 528.
84
What is the remainder when 249 is divided by 23?
19
What is the remainder when 488 is divided by 155?
23
What is the remainder when 307 is divided by 92?
31
What is the remainder when 3254 is divided by 35?
34
What is the remainder when 419 is divided by 105?
104
Calculate the remainder when 681 is divided by 14.
9
Calculate the remainder when 4457 is divided by 6.
5
What is the remainder when 131 is divided by 47?
37
Calculate the remainder when 193 is divided by 15.
13
What is the remainder when 294 is divided by 90?
24
Calculate the remainder when 6671 is divided by 26.
15
What is the remainder when 174 is divided by 89?
85
Calculate the remainder when 1210 is divided by 7.
6
What is the remainder when 7529 is divided by 314?
307
What is the remainder when 397 is divided by 109?
70
What is the remainder when 1341 is divided by 96?
93
Calculate the remainder when 51 is divided by 7.
2
What is the remainder when 69 is divided by 37?
32
What is the remainder when 221 is divided by 56?
53
Calculate the remainder when 1235 is divided by 28.
3
What is the remainder when 9312 is divided by 77?
72
Calculate the remainder when 10871 is divided by 125.
121
Calculate the remainder when 40 is divided by 14.
12
What is the remainder when 98 is divided by 46?
6
Calculate the remainder when 570 is divided by 115.
110
Calculate the remainder when 295 is divided by 51.
40
What is the remainder when 388 is divided by 229?
159
What is the remainder when 452 is divided by 38?
34
Calculate the remainder when 309 is divided by 82.
63
Calculate the remainder when 606 is divided by 297.
12
What is the remainder when 185 is divided by 55?
20
What is the remainder when 579 is divided by 154?
117
Calculate the remainder when 1865 is divided by 110.
105
What is the remainder when 138 is divided by 64?
10
What is the remainder when 1558 is divided by 22?
18
Calculate the remainder when 48 is divided by 28.
20
Calculate the remainder when 260 is divided by 155.
105
What is the remainder when 306 is divided by 31?
27
What is the remainder when 515 is divided by 6?
5
What is the remainder when 624 is divided by 19?
16
Calculate the remainder when 87 is divided by 50.
37
Calculate the remainder when 305 is divided by 77.
74
Calculate the remainder when 198 is divided by 50.
48
Calculate the remainder when 7934 is divided by 25.
9
Calculate the remainder when 2708 is divided by 54.
8
What is the remainder when 175 is divided by 25?
0
What is the remainder when 582 is divided by 83?
1
What is the remainder when 11609 is divided by 54?
53
Calculate the remainder when 124 is divided by 28.
12
Calculate the remainder when 68 is divided by